 thousands digit of 12549?
2
What is the units digit of 21889?
9
What is the units digit of 161017?
7
What is the thousands digit of 5331?
5
What is the units digit of 4829?
9
What is the thousands digit of 44824?
4
What is the units digit of 54176?
6
What is the tens digit of 499?
9
What is the hundreds digit of 566?
5
What is the hundreds digit of 5402?
4
What is the hundreds digit of 548?
5
What is the tens digit of 74319?
1
What is the hundreds digit of 15161?
1
What is the tens digit of 505?
0
What is the hundreds digit of 3504?
5
What is the tens digit of 6764?
6
What is the thousands digit of 1044?
1
What is the tens digit of 263?
6
What is the hundreds digit of 468?
4
What is the tens digit of 34659?
5
What is the hundreds digit of 183944?
9
What is the units digit of 117278?
8
What is the tens digit of 4271?
7
What is the thousands digit of 2345?
2
What is the tens digit of 752?
5
What is the thousands digit of 3454?
3
What is the units digit of 253?
3
What is the hundreds digit of 2483?
4
What is the hundreds digit of 352?
3
What is the thousands digit of 26922?
6
What is the units digit of 74591?
1
What is the units digit of 438?
8
What is the units digit of 3184?
4
What is the tens digit of 1032?
3
What is the hundreds digit of 14409?
4
What is the thousands digit of 1519?
1
What is the ten thousands digit of 49467?
4
What is the units digit of 2708?
8
What is the tens digit of 2078?
7
What is the hundreds digit of 76570?
5
What is the tens digit of 3226?
2
What is the units digit of 3675?
5
What is the tens digit of 441?
4
What is the hundreds digit of 1059?
0
What is the hundreds digit of 5259?
2
What is the units digit of 36090?
0
What is the tens digit of 435?
3
What is the ten thousands digit of 105533?
0
What is the thousands digit of 2424?
2
What is the units digit of 264?
4
What is the thousands digit of 1410?
1
What is the units digit of 132924?
4
What is the hundreds digit of 889?
8
What is the ten thousands digit of 20615?
2
What is the ten thousands digit of 17296?
1
What is the ten thousands digit of 11143?
1
What is the units digit of 108096?
6
What is the units digit of 30754?
4
What is the hundreds digit of 45617?
6
What is the units digit of 4172?
2
What is the hundreds digit of 755?
7
What is the tens digit of 2028?
2
What is the thousands digit of 4253?
4
What is the thousands digit of 29116?
9
What is the hundreds digit of 1845?
8
What is the hundreds digit of 2108?
1
What is the units digit of 3415?
5
What is the units digit of 83842?
2
What is the units digit of 103?
3
What is the units digit of 2076?
6
What is the tens digit of 11098?
9
What is the tens digit of 2294?
9
What is the units digit of 13138?
8
What is the tens digit of 491?
9
What is the tens digit of 4716?
1
What is the units digit of 1431?
1
What is the ten thousands digit of 10137?
1
What is the thousands digit of 4152?
4
What is the ten thousands digit of 30832?
3
What is the units digit of 23?
3
What is the hundred thousands digit of 100966?
1
What is the units digit of 169?
9
What is the units digit of 428?
8
What is the thousands digit of 4321?
4
What is the ten thousands digit of 13404?
1
What is the tens digit of 1022?
2
What is the tens digit of 225?
2
What is the tens digit of 1754?
5
What is the tens digit of 1726?
2
What is the units digit of 77306?
6
What is the tens digit of 704?
0
What is the units digit of 66297?
7
What is the tens digit of 37444?
4
What is the ten thousands digit of 16229?
1
What is the units digit of 1654?
4
What is the units digit of 3311?
1
What is the hundreds digit of 163?
1
What is the thousands digit of 1426?
1
What is the units digit of 818?
8
What is the units digit of 12407?
7
What is the tens digit of 46744?
4
What is the units digit of 5318?
8
What is the hundreds digit of 5034?
0
What is the tens digit of 8186?
8
What is the thousands digit of 1962?
1
What is the hundreds digit of 35340?
3
What is the hundreds digit of 1212?
2
What is the ten thousands digit of 19505?
1
What is the hundreds digit of 414?
4
What is the units digit of 9928?
8
What is the hundreds digit of 6895?
8
What is the thousands digit of 30561?
0
What is the tens digit of 860?
6
What is the tens digit of 13021?
2
What is the hundreds digit of 464?
4
What is the tens digit of 111?
1
What is the tens digit of 6230?
3
What is the ten thousands digit of 61121?
6
What is the ten thousands digit of 18994?
1
What is the thousands digit of 1695?
1
What is the tens digit of 256?
5
What is the tens digit of 845?
4
What is the hundreds digit of 26641?
6
What is the hundreds digit of 1482?
4
What is the ten thousands digit of 176738?
7
What is the hundreds digit of 2429?
4
What is the hundreds digit of 173?
1
What is the tens digit of 23612?
1
What is the units digit of 59431?
1
What is the thousands digit of 12866?
2
What is the thousands digit of 2301?
2
What is the thousands digit of 1757?
1
What is the hundreds digit of 4452?
4
What is the units digit of 96211?
1
What is the ten thousands digit of 125059?
2
What is the units digit of 18963?
3
What is the hundred thousands digit of 111184?
1
What is the units digit of 1660?
0
What is the hundreds digit of 87653?
6
What is the thousands digit of 67184?
7
What is the units digit of 32803?
3
What is the hundreds digit of 13570?
5
What is the tens digit of 34148?
4
What is the units digit of 2197?
7
What is the units digit of 121279?
9
What is the thousands digit of 1394?
1
What is the tens digit of 7938?
3
What is the units digit of 4800?
0
What is the hundreds digit of 147?
1
What is the units digit of 530?
0
What is the tens digit of 3159?
5
What is the tens digit of 11084?
8
What is the tens digit of 800?
0
What is the hundreds digit of 483?
4
What is the thousands digit of 1516?
1
What is the ten thousands digit of 72693?
7
What is the hundreds digit of 2110?
1
What is the units digit of 788?
8
What is the tens digit of 1472?
7
What is the units digit of 264?
4
What is the thousands digit of 7220?
7
What is the tens digit of 390?
9
What is the thousands digit of 3072?
3
What is the units digit of 1463?
3
What is the units digit of 188?
8
What is the ten thousands digit of 73299?
7
What is the tens digit of 23?
2
What is the units digit of 1867?
7
What is the tens digit of 838?
3
What is the hundreds digit of 15511?
5
What is the tens digit of 61?
6
What is the units digit of 3516?
6
What is the thousands digit of 14192?
4
What is the thousands digit of 30400?
0
What is the tens digit of 3312?
1
What is the hundreds digit of 41641?
6
What is the hundreds digit of 60435?
4
What is the units digit of 45?
5
What is the thousands digit of 1113?
1
What is the units digit of 1458?
8
What is the units digit of 20199?
9
What is the units digit of 1101?
1
What is the hundreds digit of 76795?
7
What is the ten thousands digit of 25353?
2
What is the tens digit of 2478?
7
What is the thousands digit of 11494?
1
What is the units digit of 91180?
0
What is the hundreds digit of 651?
6
What is the tens digit of 18338?
3
What is the tens digit of 1442?
4
What is the tens digit of 120397?
9
What is the hundreds digit of 4335?
3
What is the thousands digit of 5301?
5
What is the thousands digit of 1989?
1
What is the thousands digit of 1232?
1
What is the units digit of 66047?
7
What is the ten thousands digit of 155932?
5
What is the hundreds digit of 10347?
3
What is the units digit of 5119?
9
What is the units digit of 4537?
7
What is the tens digit of 728?
2
What is the tens digit of 23458?
5
What is the tens digit of 476?
7
What is the thousands digit of 2380?
2
What is the tens digit of 822?
2
What is the ten thousands digit of 49446?
4
What is the thousands digit of 6205?
6
What is the units digit of 355?
5
What is the hundreds digit of 624?
6
What is the ten thousands digit of 39607?
3
What is the thousands digit of 1077?
1
What is the ten thousands digit of 106430?
0
What is the hundreds digit of 67411?
4
What is the thousands digit of 66037?
6
What is the hundreds digit of 854?
8
What is the thousands digit of 6183?
6
What is the hundreds digit of 16957?
9
What is the hundreds digit of 6175?
1
What is the tens digit of 38124?
2
What is the thousands digit of 9527?
9
What is the thousands di